and 96?
48
What is the highest common divisor of 871 and 13?
13
Calculate the greatest common divisor of 28 and 1022.
14
What is the highest common divisor of 3363 and 59?
59
Calculate the highest common factor of 315 and 360.
45
Calculate the greatest common divisor of 3156 and 12.
12
What is the highest common factor of 81 and 5?
1
Calculate the highest common factor of 420 and 588.
84
What is the highest common factor of 231 and 63?
21
What is the highest common divisor of 15636 and 12?
12
Calculate the highest common divisor of 154 and 1749.
11
Calculate the greatest common divisor of 11 and 550.
11
Calculate the highest common factor of 5 and 745.
5
What is the greatest common factor of 1890 and 28?
14
What is the greatest common divisor of 30 and 810?
30
Calculate the greatest common factor of 40 and 5070.
10
What is the greatest common divisor of 377 and 26?
13
Calculate the highest common divisor of 13 and 325.
13
Calculate the greatest common factor of 183 and 3.
3
Calculate the highest common divisor of 133 and 4256.
133
Calculate the highest common divisor of 342 and 38.
38
Calculate the greatest common factor of 108 and 540.
108
What is the greatest common factor of 1068 and 623?
89
What is the highest common divisor of 92 and 69?
23
Calculate the highest common factor of 352 and 64.
32
Calculate the greatest common factor of 2349 and 174.
87
What is the highest common factor of 264 and 1386?
66
Calculate the greatest common divisor of 7735 and 819.
91
Calculate the highest common factor of 13283 and 37.
37
Calculate the highest common divisor of 200 and 128.
8
What is the highest common divisor of 1309 and 391?
17
Calculate the highest common factor of 142 and 1846.
142
What is the highest common divisor of 1376 and 64?
32
What is the highest common factor of 141 and 7473?
141
Calculate the greatest common factor of 1995 and 3135.
285
What is the highest common factor of 180 and 20?
20
Calculate the highest common factor of 98 and 6146.
14
Calculate the greatest common divisor of 48 and 3120.
48
Calculate the greatest common divisor of 78084 and 36.
36
What is the greatest common factor of 2944 and 23?
23
Calculate the highest common divisor of 799 and 136.
17
What is the highest common factor of 168 and 231?
21
What is the greatest common factor of 293 and 1172?
293
What is the greatest common divisor of 512 and 6784?
128
What is the highest common factor of 89 and 2581?
89
What is the greatest common divisor of 432 and 42984?
216
What is the greatest common divisor of 168 and 252?
84
Calculate the highest common factor of 88 and 66.
22
What is the greatest common divisor of 36 and 804?
12
Calculate the greatest common divisor of 3383 and 17.
17
Calculate the highest common factor of 66 and 1221.
33
Calculate the highest common divisor of 176 and 392.
8
What is the greatest common divisor of 264 and 473?
11
Calculate the greatest common factor of 1815 and 15.
15
What is the greatest common divisor of 451 and 33?
11
What is the highest common factor of 56 and 420?
28
What is the greatest common divisor of 1274 and 416?
26
What is the highest common divisor of 2796 and 4?
4
What is the highest common factor of 21 and 49?
7
Calculate the greatest common factor of 4 and 58.
2
Calculate the greatest common factor of 1027 and 26.
13
Calculate the greatest common factor of 71 and 1.
1
Calculate the greatest common factor of 102 and 1088.
34
Calculate the greatest common factor of 8 and 13672.
8
Calculate the highest common divisor of 23674 and 42.
14
What is the highest common divisor of 432 and 450?
18
What is the greatest common factor of 323 and 19?
19
Calculate the greatest common factor of 24 and 1016.
8
Calculate the greatest common divisor of 1791 and 18.
9
Calculate the highest common factor of 40 and 176.
8
Calculate the highest common divisor of 203 and 145.
29
Calculate the highest common factor of 1425 and 375.
75
Calculate the greatest common factor of 46 and 1150.
46
Calculate the highest common divisor of 245 and 65.
5
What is the greatest common divisor of 7117 and 11?
11
What is the greatest common factor of 880 and 242?
22
Calculate the greatest common factor of 126 and 42.
42
What is the greatest common factor of 395 and 65?
5
Calculate the highest common factor of 70409 and 389.
389
What is the highest common divisor of 30 and 420?
30
What is the highest common factor of 105 and 4760?
35
Calculate the highest common factor of 16 and 43376.
16
What is the highest common divisor of 2904 and 198?
66
What is the greatest common divisor of 20 and 5?
5
What is the highest common divisor of 52 and 52?
52
Calculate the greatest common factor of 35 and 10.
5
What is the highest common factor of 52 and 156?
52
Calculate the highest common divisor of 792 and 8.
8
Calculate the highest common divisor of 15130 and 510.
170
Calculate the highest common factor of 6 and 606.
6
Calculate the greatest common divisor of 7315 and 275.
55
What is the highest common factor of 254 and 635?
127
Calculate the greatest common divisor of 465 and 9579.
93
Calculate the greatest common divisor of 1856 and 512.
64
What is the greatest common factor of 803 and 73?
73
What is the greatest common factor of 840 and 252?
84
Calculate the highest common divisor of 2 and 334.
2
Calculate the greatest common divisor of 32 and 32.
32
Calculate the highest common divisor of 621 and 161.
23
Calculate the greatest common factor of 1853 and 218.
109
Calculate the greatest common divisor of 7 and 791.
7
What is the greatest common factor of 2 and 14?
2
Calculate the highest common factor of 110 and 187.
11
What is the highest common divisor of 290 and 410?
10
Calculate the highest common divisor of 115 and 15.
5
What is the greatest common divisor of 28 and 6?
2
What is the highest common factor of 38591 and 259?
259
What is the highest common divisor of 12 and 3084?
12
Calculate the greatest common divisor of 936 and 585.
117
Calculate the greatest common divisor of 44327 and 57.
19
Calculate the greatest common divisor of 136 and 204.
68
Calculate the greatest common factor of 582 and 2134.
194
What is the greatest common divisor of 177 and 295?
59
What is the greatest common divisor of 112 and 70?
14
What is the greatest common factor of 8175 and 300?
75
Calculate the highest common factor of 546 and 39.
39
What is the highest common divisor of 6084 and 26?
26
What is the greatest common factor of 594 and 55?
11
Calculate the greatest common factor of 238 and 70.
14
Calculate the greatest common divisor of 55309 and 41.
41
What is the greatest common factor of 112 and 32?
16
Calculate the highest common divisor of 81 and 27.
27
What is the greatest common factor of 6634 and 124?
62
Calculate the highest common factor of 39171 and 33.
33
What is the highest common factor of 520 and 40?
40
Calculate the greatest common factor of 1834 and 14.
14
Calculate the greatest common factor of 285 and 30.
15
Calculate the greatest common divisor of 3 and 1.
1
Calculate the greatest common factor of 360 and 225.
45
What is the highest common divisor of 270 and 60?
30
Calculate the highest common factor of 153 and 799.
17
What is the highest common divisor of 24 and 408?
24
What is the greatest common factor of 55 and 297?
11
Calculate the highest common divisor of 935 and 13.
1
What is the highest common factor of 76 and 36?
4
Calculate the greatest common divisor of 6 and 212.
2
Calculate the highest common divisor of 15 and 75.
15
Calculate the highest common divisor of 18 and 14814.
18
What is the greatest common divisor of 39 and 260?
13
Calculate the highest common divisor of 60 and 5370.
30
Calculate the greatest common divisor of 299 and 207.
23
Calculate the highest common divisor of 10 and 1090.
10
Calculate the highest common factor of 9307 and 123.
41
Calculate the greatest common factor of 156 and 12.
12
Calculate the greatest common divisor of 6 and 38.
2
What is the highest common divisor of 5785 and 65?
65
What is the highest common divisor of 4558 and 212?
106
Calculate the greatest common factor of 155308 and 164.
164
What is the highest common divisor of 63 and 45?
9
What is the greatest common factor of 455 and 70?
35
What is the highest common f